{"id":7549,"date":"2024-04-02T14:21:08","date_gmt":"2024-04-02T12:21:08","guid":{"rendered":"https:\/\/amigosmuseotraje.com\/amt\/?post_type=tribe_events&#038;p=7549"},"modified":"2024-04-04T16:36:10","modified_gmt":"2024-04-04T14:36:10","slug":"ciencia-de-tejer-en-los-andes-estructura-y-tecnicas-de-faz-urdimbre","status":"publish","type":"tribe_events","link":"https:\/\/amigosmuseotraje.com\/en\/event\/ciencia-de-tejer-en-los-andes-estructura-y-tecnicas-de-faz-urdimbre\/","title":{"rendered":"Ciencia de tejer en los Andes: Estructura y t\u00e9cnicas de faz de urdimbre"},"content":{"rendered":"<div>El s\u00e1bado 6 de abril a las 12:00 tendremos en las charlas de los S\u00e1bados de los Amigos a Elvira Espejo, directora del Museo Nacional de Etnograf\u00eda y Folclore de La Paz, que nos impartir\u00e1 la charla \u00abCiencia de tejer en los Andes: Estructura y t\u00e9cnicas de faz de urdimbre\u00bb.<\/div>\n<p>El acceso a la biblioteca ser\u00e1 libre hasta completar aforo.<\/p>","protected":false},"excerpt":{"rendered":"<p>El s\u00e1bado 6 de abril a las 12:00 tendremos en las charlas de los S\u00e1bados de los Amigos a Elvira Espejo, directora del Museo Nacional de Etnograf\u00eda y [&hellip;]<\/p>\n","protected":false},"author":1,"featured_media":7587,"template":"","meta":{"_tribe_events_status":"","_tribe_events_status_reason":"","footnotes":""},"tags":[],"tribe_events_cat":[152],"class_list":["post-7549","tribe_events","type-tribe_events","status-publish","has-post-thumbnail","hentry","tribe_events_cat-sabados-de-los-amigos","cat_sabados-de-los-amigos"],"_links":{"self":[{"href":"https:\/\/amigosmuseotraje.com\/en\/wp-json\/wp\/v2\/tribe_events\/7549","targetHints":{"allow":["GET"]}}],"collection":[{"href":"https:\/\/amigosmuseotraje.com\/en\/wp-json\/wp\/v2\/tribe_events"}],"about":[{"href":"https:\/\/amigosmuseotraje.com\/en\/wp-json\/wp\/v2\/types\/tribe_events"}],"author":[{"embeddable":true,"href":"https:\/\/amigosmuseotraje.com\/en\/wp-json\/wp\/v2\/users\/1"}],"version-history":[{"count":2,"href":"https:\/\/amigosmuseotraje.com\/en\/wp-json\/wp\/v2\/tribe_events\/7549\/revisions"}],"predecessor-version":[{"id":7557,"href":"https:\/\/amigosmuseotraje.com\/en\/wp-json\/wp\/v2\/tribe_events\/7549\/revisions\/7557"}],"wp:featuredmedia":[{"embeddable":true,"href":"https:\/\/amigosmuseotraje.com\/en\/wp-json\/wp\/v2\/media\/7587"}],"wp:attachment":[{"href":"https:\/\/amigosmuseotraje.com\/en\/wp-json\/wp\/v2\/media?parent=7549"}],"wp:term":[{"taxonomy":"post_tag","embeddable":true,"href":"https:\/\/amigosmuseotraje.com\/en\/wp-json\/wp\/v2\/tags?post=7549"},{"taxonomy":"tribe_events_cat","embeddable":true,"href":"https:\/\/amigosmuseotraje.com\/en\/wp-json\/wp\/v2\/tribe_events_cat?post=7549"}],"curies":[{"name":"wp","href":"https:\/\/api.w.org\/{rel}","templated":true}]}}

Ciencia de tejer en los Andes: Estructura y técnicas de faz de urdimbre

<div>El sábado 6 de abril a las 12:00 tendremos en las charlas de los Sábados de los Amigos a Elvira Espejo, directora del Museo Nacional de Etnografía y Folclore de La Paz, que nos impartirá la charla «Ciencia de tejer en los Andes: Estructura y técnicas de faz de urdimbre».</div>
<p>El acceso a la biblioteca será libre hasta completar aforo.</p>

<p>El sábado 6 de abril a las 12:00 tendremos en las charlas de los Sábados de los Amigos a Elvira Espejo, directora del Museo Nacional de Etnografía y [&hellip;]</p>
