{"id":8536,"date":"2024-10-27T19:54:55","date_gmt":"2024-10-27T18:54:55","guid":{"rendered":"https:\/\/amigosmuseotraje.com\/?post_type=tribe_events&#038;p=8536"},"modified":"2026-04-18T10:24:59","modified_gmt":"2026-04-18T08:24:59","slug":"sabado-de-los-amigos-charla-sobre-la-exposicion-caprile-lorenzo","status":"publish","type":"tribe_events","link":"https:\/\/amigosmuseotraje.com\/en\/event\/sabado-de-los-amigos-charla-sobre-la-exposicion-caprile-lorenzo\/","title":{"rendered":"S\u00e1bado de los Amigos: Charla sobre la Exposici\u00f3n \u00abCaprile Lorenzo\u00bb"},"content":{"rendered":"","protected":false},"excerpt":{"rendered":"<p>Eloy Mart\u00ednez de la Pera y Jos\u00e9 Luis Masso, comisarios de la exposici\u00f3n sobre Lorenzo Caprile en la Sala Canal de Isabel II.<\/p>","protected":false},"author":1,"featured_media":8555,"template":"","meta":{"_tribe_events_status":"","_tribe_events_status_reason":"","footnotes":""},"tags":[],"tribe_events_cat":[152],"class_list":["post-8536","tribe_events","type-tribe_events","status-publish","has-post-thumbnail","hentry","tribe_events_cat-sabados-de-los-amigos","cat_sabados-de-los-amigos"],"_links":{"self":[{"href":"https:\/\/amigosmuseotraje.com\/en\/wp-json\/wp\/v2\/tribe_events\/8536","targetHints":{"allow":["GET"]}}],"collection":[{"href":"https:\/\/amigosmuseotraje.com\/en\/wp-json\/wp\/v2\/tribe_events"}],"about":[{"href":"https:\/\/amigosmuseotraje.com\/en\/wp-json\/wp\/v2\/types\/tribe_events"}],"author":[{"embeddable":true,"href":"https:\/\/amigosmuseotraje.com\/en\/wp-json\/wp\/v2\/users\/1"}],"version-history":[{"count":4,"href":"https:\/\/amigosmuseotraje.com\/en\/wp-json\/wp\/v2\/tribe_events\/8536\/revisions"}],"predecessor-version":[{"id":8569,"href":"https:\/\/amigosmuseotraje.com\/en\/wp-json\/wp\/v2\/tribe_events\/8536\/revisions\/8569"}],"wp:featuredmedia":[{"embeddable":true,"href":"https:\/\/amigosmuseotraje.com\/en\/wp-json\/wp\/v2\/media\/8555"}],"wp:attachment":[{"href":"https:\/\/amigosmuseotraje.com\/en\/wp-json\/wp\/v2\/media?parent=8536"}],"wp:term":[{"taxonomy":"post_tag","embeddable":true,"href":"https:\/\/amigosmuseotraje.com\/en\/wp-json\/wp\/v2\/tags?post=8536"},{"taxonomy":"tribe_events_cat","embeddable":true,"href":"https:\/\/amigosmuseotraje.com\/en\/wp-json\/wp\/v2\/tribe_events_cat?post=8536"}],"curies":[{"name":"wp","href":"https:\/\/api.w.org\/{rel}","templated":true}]}}

Sábado de los Amigos: Charla sobre la Exposición «Caprile Lorenzo»

<p>Eloy Martínez de la Pera y José Luis Masso, comisarios de la exposición sobre Lorenzo Caprile en la Sala Canal de Isabel II.</p>
