{"id":8670,"date":"2025-01-11T14:16:56","date_gmt":"2025-01-11T13:16:56","guid":{"rendered":"https:\/\/amigosmuseotraje.com\/?post_type=tribe_events&#038;p=8670"},"modified":"2026-04-18T10:25:09","modified_gmt":"2026-04-18T08:25:09","slug":"john-galliano-romanticismo-clasicismo-y-abstraccion","status":"publish","type":"tribe_events","link":"https:\/\/amigosmuseotraje.com\/en\/event\/john-galliano-romanticismo-clasicismo-y-abstraccion\/","title":{"rendered":"S\u00e1bado de los Amigos: charla sobre \u00abJohn Galliano. Romanticismo, clasicismo y abstracci\u00f3n\u00bb"},"content":{"rendered":"<p>Charla del periodista Aitor Salinas<\/p>\n<p>John Galliano siempre fue un narrador nato. Y, en cierto modo, tambi\u00e9n una anomal\u00eda. Muchos de sus coet\u00e1neos a finales de los 80 y principios de los 90 canalizaban su visi\u00f3n a trav\u00e9s de la exploraci\u00f3n de un concepto. Siendo relativamente reduccionistas, se podr\u00eda decir que Calvin Klein o Jil Sander eran minimalistas, Christian Lacroix o Gianni Versace eran maximalistas y Rei Kawakubo o Martin Margiela eran deconstructivistas.<\/p>\n<p>Pero la teatralidad, ingenio y destreza con la que Galliano conceb\u00eda sus prendas encajaba de forma mucho m\u00e1s natural dentro de las eternas posibilidades de una narrativa. \u00c9l no vest\u00eda personas, vest\u00eda personajes. Y todos exist\u00edan en el peque\u00f1o universo que creaba cada temporada.<\/p>","protected":false},"excerpt":{"rendered":"<p>Charla del periodista Aitor Salinas John Galliano siempre fue un narrador nato. Y, en cierto modo, tambi\u00e9n una anomal\u00eda. Muchos de sus coet\u00e1neos a finales de los 80 [&hellip;]<\/p>\n","protected":false},"author":1,"featured_media":0,"template":"","meta":{"_tribe_events_status":"","_tribe_events_status_reason":"","footnotes":""},"tags":[],"tribe_events_cat":[152],"class_list":["post-8670","tribe_events","type-tribe_events","status-publish","hentry","tribe_events_cat-sabados-de-los-amigos","cat_sabados-de-los-amigos"],"_links":{"self":[{"href":"https:\/\/amigosmuseotraje.com\/en\/wp-json\/wp\/v2\/tribe_events\/8670","targetHints":{"allow":["GET"]}}],"collection":[{"href":"https:\/\/amigosmuseotraje.com\/en\/wp-json\/wp\/v2\/tribe_events"}],"about":[{"href":"https:\/\/amigosmuseotraje.com\/en\/wp-json\/wp\/v2\/types\/tribe_events"}],"author":[{"embeddable":true,"href":"https:\/\/amigosmuseotraje.com\/en\/wp-json\/wp\/v2\/users\/1"}],"version-history":[{"count":4,"href":"https:\/\/amigosmuseotraje.com\/en\/wp-json\/wp\/v2\/tribe_events\/8670\/revisions"}],"predecessor-version":[{"id":8729,"href":"https:\/\/amigosmuseotraje.com\/en\/wp-json\/wp\/v2\/tribe_events\/8670\/revisions\/8729"}],"wp:attachment":[{"href":"https:\/\/amigosmuseotraje.com\/en\/wp-json\/wp\/v2\/media?parent=8670"}],"wp:term":[{"taxonomy":"post_tag","embeddable":true,"href":"https:\/\/amigosmuseotraje.com\/en\/wp-json\/wp\/v2\/tags?post=8670"},{"taxonomy":"tribe_events_cat","embeddable":true,"href":"https:\/\/amigosmuseotraje.com\/en\/wp-json\/wp\/v2\/tribe_events_cat?post=8670"}],"curies":[{"name":"wp","href":"https:\/\/api.w.org\/{rel}","templated":true}]}}

Sábado de los Amigos: charla sobre «John Galliano. Romanticismo, clasicismo y abstracción»

<p>Charla del periodista Aitor Salinas</p>
<p>John Galliano siempre fue un narrador nato. Y, en cierto modo, también una anomalía. Muchos de sus coetáneos a finales de los 80 y principios de los 90 canalizaban su visión a través de la exploración de un concepto. Siendo relativamente reduccionistas, se podría decir que Calvin Klein o Jil Sander eran minimalistas, Christian Lacroix o Gianni Versace eran maximalistas y Rei Kawakubo o Martin Margiela eran deconstructivistas.</p>
<p>Pero la teatralidad, ingenio y destreza con la que Galliano concebía sus prendas encajaba de forma mucho más natural dentro de las eternas posibilidades de una narrativa. Él no vestía personas, vestía personajes. Y todos existían en el pequeño universo que creaba cada temporada.</p>

<p>Charla del periodista Aitor Salinas John Galliano siempre fue un narrador nato. Y, en cierto modo, también una anomalía. Muchos de sus coetáneos a finales de los 80 [&hellip;]</p>
