{"id":9138,"date":"2025-02-21T11:48:26","date_gmt":"2025-02-21T10:48:26","guid":{"rendered":"https:\/\/amigosmuseotraje.com\/?post_type=tribe_events&#038;p=9138"},"modified":"2026-04-18T10:32:31","modified_gmt":"2026-04-18T08:32:31","slug":"historia-del-calzado","status":"publish","type":"tribe_events","link":"https:\/\/amigosmuseotraje.com\/en\/event\/historia-del-calzado\/","title":{"rendered":"S\u00e1bado de los Amigos: Historia del calzado"},"content":{"rendered":"<p><strong>Conferencia\u00a0<\/strong><\/p>\n<p>Patricia Gonz\u00e1lez-Aldea es profesora titular de Periodismo de la Universidad Carlos III de Madrid y docente de comunicaci\u00f3n y moda en Vogue College of Fashion y en el IED. Ha organizado actividades educativas en el Museo del Traje de Madrid. Y como periodista de moda ha colaborado desde 2004 con destacados medios digitales como Prisa.com, Hola.com, y abc.es en la actualidad.<\/p>\n<p>La historia (casi) nunca se ha quitado los zapatos y hace m\u00e1s de diez mil a\u00f1os que el ser humano lleva calzado. Los zapatos han pasado de tener un significado meramente utilitario a convertirse en s\u00edmbolo de poder y estatus, y hasta emblema de seducci\u00f3n. Este libro muestra la evoluci\u00f3n de los modelos y figuras m\u00e1s representativas del mundo del calzado. Artesanos zapateros, fabricantes industriales, dise\u00f1adores de lujo y marcas deportivas, junto a sus clientes m\u00e1s ilustres han ejercido una enorme influencia cultural.<\/p>\n<p><img fetchpriority=\"high\" decoding=\"async\" class=\"size-medium wp-image-9142 aligncenter\" src=\"https:\/\/amigosmuseotraje.com\/wp-content\/uploads\/2025\/02\/Historia-del-calzado-190x300.jpg\" alt=\"\" width=\"190\" height=\"300\" srcset=\"https:\/\/amigosmuseotraje.com\/wp-content\/uploads\/2025\/02\/Historia-del-calzado-190x300.jpg 190w, https:\/\/amigosmuseotraje.com\/wp-content\/uploads\/2025\/02\/Historia-del-calzado-650x1024.jpg 650w, https:\/\/amigosmuseotraje.com\/wp-content\/uploads\/2025\/02\/Historia-del-calzado-768x1210.jpg 768w, https:\/\/amigosmuseotraje.com\/wp-content\/uploads\/2025\/02\/Historia-del-calzado-975x1536.jpg 975w, https:\/\/amigosmuseotraje.com\/wp-content\/uploads\/2025\/02\/Historia-del-calzado-1300x2048.jpg 1300w, https:\/\/amigosmuseotraje.com\/wp-content\/uploads\/2025\/02\/Historia-del-calzado-8x12.jpg 8w, https:\/\/amigosmuseotraje.com\/wp-content\/uploads\/2025\/02\/Historia-del-calzado-scaled.jpg 1625w\" sizes=\"(max-width: 190px) 100vw, 190px\" \/><\/p>","protected":false},"excerpt":{"rendered":"<p>Conferencia\u00a0 Patricia Gonz\u00e1lez-Aldea es profesora titular de Periodismo de la Universidad Carlos III de Madrid y docente de comunicaci\u00f3n y moda en Vogue College of Fashion y en [&hellip;]<\/p>\n","protected":false},"author":1,"featured_media":0,"template":"","meta":{"_tribe_events_status":"","_tribe_events_status_reason":"","footnotes":""},"tags":[],"tribe_events_cat":[152],"class_list":["post-9138","tribe_events","type-tribe_events","status-publish","hentry","tribe_events_cat-sabados-de-los-amigos","cat_sabados-de-los-amigos"],"_links":{"self":[{"href":"https:\/\/amigosmuseotraje.com\/en\/wp-json\/wp\/v2\/tribe_events\/9138","targetHints":{"allow":["GET"]}}],"collection":[{"href":"https:\/\/amigosmuseotraje.com\/en\/wp-json\/wp\/v2\/tribe_events"}],"about":[{"href":"https:\/\/amigosmuseotraje.com\/en\/wp-json\/wp\/v2\/types\/tribe_events"}],"author":[{"embeddable":true,"href":"https:\/\/amigosmuseotraje.com\/en\/wp-json\/wp\/v2\/users\/1"}],"version-history":[{"count":7,"href":"https:\/\/amigosmuseotraje.com\/en\/wp-json\/wp\/v2\/tribe_events\/9138\/revisions"}],"predecessor-version":[{"id":9940,"href":"https:\/\/amigosmuseotraje.com\/en\/wp-json\/wp\/v2\/tribe_events\/9138\/revisions\/9940"}],"wp:attachment":[{"href":"https:\/\/amigosmuseotraje.com\/en\/wp-json\/wp\/v2\/media?parent=9138"}],"wp:term":[{"taxonomy":"post_tag","embeddable":true,"href":"https:\/\/amigosmuseotraje.com\/en\/wp-json\/wp\/v2\/tags?post=9138"},{"taxonomy":"tribe_events_cat","embeddable":true,"href":"https:\/\/amigosmuseotraje.com\/en\/wp-json\/wp\/v2\/tribe_events_cat?post=9138"}],"curies":[{"name":"wp","href":"https:\/\/api.w.org\/{rel}","templated":true}]}}

Sábado de los Amigos: Historia del calzado

<p><strong>Conferencia </strong></p>
<p>Patricia González-Aldea es profesora titular de Periodismo de la Universidad Carlos III de Madrid y docente de comunicación y moda en Vogue College of Fashion y en el IED. Ha organizado actividades educativas en el Museo del Traje de Madrid. Y como periodista de moda ha colaborado desde 2004 con destacados medios digitales como Prisa.com, Hola.com, y abc.es en la actualidad.</p>
<p>La historia (casi) nunca se ha quitado los zapatos y hace más de diez mil años que el ser humano lleva calzado. Los zapatos han pasado de tener un significado meramente utilitario a convertirse en símbolo de poder y estatus, y hasta emblema de seducción. Este libro muestra la evolución de los modelos y figuras más representativas del mundo del calzado. Artesanos zapateros, fabricantes industriales, diseñadores de lujo y marcas deportivas, junto a sus clientes más ilustres han ejercido una enorme influencia cultural.</p>
<p><img fetchpriority="high" decoding="async" class="size-medium wp-image-9142 aligncenter" src="https://amigosmuseotraje.com/wp-content/uploads/2025/02/Historia-del-calzado-190x300.jpg" alt="" width="190" height="300" srcset="https://amigosmuseotraje.com/wp-content/uploads/2025/02/Historia-del-calzado-190x300.jpg 190w, https://amigosmuseotraje.com/wp-content/uploads/2025/02/Historia-del-calzado-650x1024.jpg 650w, https://amigosmuseotraje.com/wp-content/uploads/2025/02/Historia-del-calzado-768x1210.jpg 768w, https://amigosmuseotraje.com/wp-content/uploads/2025/02/Historia-del-calzado-975x1536.jpg 975w, https://amigosmuseotraje.com/wp-content/uploads/2025/02/Historia-del-calzado-1300x2048.jpg 1300w, https://amigosmuseotraje.com/wp-content/uploads/2025/02/Historia-del-calzado-8x12.jpg 8w, https://amigosmuseotraje.com/wp-content/uploads/2025/02/Historia-del-calzado-scaled.jpg 1625w" sizes="(max-width: 190px) 100vw, 190px" /></p>

<p>Conferencia  Patricia González-Aldea es profesora titular de Periodismo de la Universidad Carlos III de Madrid y docente de comunicación y moda en Vogue College of Fashion y en [&hellip;]</p>
