{"id":9748,"date":"2026-02-01T17:31:47","date_gmt":"2026-02-01T16:31:47","guid":{"rendered":"https:\/\/amigosmuseotraje.com\/?post_type=tribe_events&#038;p=9748"},"modified":"2026-04-18T10:26:42","modified_gmt":"2026-04-18T08:26:42","slug":"marco-correa-una-nueva-mirada-al-uniforme-de-iberia-de-elio-berhanyer","status":"publish","type":"tribe_events","link":"https:\/\/amigosmuseotraje.com\/en\/event\/marco-correa-una-nueva-mirada-al-uniforme-de-iberia-de-elio-berhanyer\/","title":{"rendered":"S\u00e1bado de los Amigos: Marco\u00a0Correa, una nueva mirada al uniforme de Iberia de Elio Berhanyer"},"content":{"rendered":"<div>Jose Luis D\u00edez-Garde, conservador del Museo Nacional de Artes Decorativas, plantea una nueva teor\u00eda sobre la creaci\u00f3n que realiz\u00f3 en 1972 Elio Berhanyer para la compa\u00f1\u00eda Iberia y descubre el trabajo en Madrid del dise\u00f1ador chileno\u00a0Marco\u00a0Correa.<\/div>","protected":false},"excerpt":{"rendered":"<p>Jose Luis D\u00edez-Garde, conservador del Museo Nacional de Artes Decorativas, plantea una nueva teor\u00eda sobre la creaci\u00f3n que realiz\u00f3 en 1972 Elio Berhanyer para la compa\u00f1\u00eda Iberia y [&hellip;]<\/p>\n","protected":false},"author":1,"featured_media":9783,"template":"","meta":{"_tribe_events_status":"","_tribe_events_status_reason":"","footnotes":""},"tags":[],"tribe_events_cat":[152],"class_list":["post-9748","tribe_events","type-tribe_events","status-publish","has-post-thumbnail","hentry","tribe_events_cat-sabados-de-los-amigos","cat_sabados-de-los-amigos"],"_links":{"self":[{"href":"https:\/\/amigosmuseotraje.com\/en\/wp-json\/wp\/v2\/tribe_events\/9748","targetHints":{"allow":["GET"]}}],"collection":[{"href":"https:\/\/amigosmuseotraje.com\/en\/wp-json\/wp\/v2\/tribe_events"}],"about":[{"href":"https:\/\/amigosmuseotraje.com\/en\/wp-json\/wp\/v2\/types\/tribe_events"}],"author":[{"embeddable":true,"href":"https:\/\/amigosmuseotraje.com\/en\/wp-json\/wp\/v2\/users\/1"}],"version-history":[{"count":2,"href":"https:\/\/amigosmuseotraje.com\/en\/wp-json\/wp\/v2\/tribe_events\/9748\/revisions"}],"predecessor-version":[{"id":9932,"href":"https:\/\/amigosmuseotraje.com\/en\/wp-json\/wp\/v2\/tribe_events\/9748\/revisions\/9932"}],"wp:featuredmedia":[{"embeddable":true,"href":"https:\/\/amigosmuseotraje.com\/en\/wp-json\/wp\/v2\/media\/9783"}],"wp:attachment":[{"href":"https:\/\/amigosmuseotraje.com\/en\/wp-json\/wp\/v2\/media?parent=9748"}],"wp:term":[{"taxonomy":"post_tag","embeddable":true,"href":"https:\/\/amigosmuseotraje.com\/en\/wp-json\/wp\/v2\/tags?post=9748"},{"taxonomy":"tribe_events_cat","embeddable":true,"href":"https:\/\/amigosmuseotraje.com\/en\/wp-json\/wp\/v2\/tribe_events_cat?post=9748"}],"curies":[{"name":"wp","href":"https:\/\/api.w.org\/{rel}","templated":true}]}}

Sábado de los Amigos: Marco Correa, una nueva mirada al uniforme de Iberia de Elio Berhanyer

<div>Jose Luis Díez-Garde, conservador del Museo Nacional de Artes Decorativas, plantea una nueva teoría sobre la creación que realizó en 1972 Elio Berhanyer para la compañía Iberia y descubre el trabajo en Madrid del diseñador chileno Marco Correa.</div>

<p>Jose Luis Díez-Garde, conservador del Museo Nacional de Artes Decorativas, plantea una nueva teoría sobre la creación que realizó en 1972 Elio Berhanyer para la compañía Iberia y [&hellip;]</p>
